uppose -f - 4*w - 2 = -3, 4 = 4*f + 3*w. Let m(l) = -661*l + 1. Let z be m(f). Let d = z - -1139. Is d a composite number?
False
Let m(q) = 2*q**2 + q + 2. Let f be m(-9). Suppose -2*z = 3*z - f. Suppose -55 = -2*y + z. Is y a prime number?
True
Let n be 3/(6/(-8)*-2). Suppose n*v = -b + 10 + 149, 0 = 4*b + 2*v - 648. Is b a composite number?
False
Suppose 78079 = -5*t + 225134. Is t a prime number?
True
Let l = 22 - 24. Let g(m) = -116*m + 1. Is g(l) a composite number?
False
Let s(t) = -t - 30. Suppose 4*a = 6*a. Let h be s(a). Let o = 97 - h. Is o a composite number?
False
Let n(h) = -4*h**3 + h**2 - 2*h + 1. Let o be n(1). Is 10/15*(-114)/o prime?
True
Suppose 3*f - 13156 = -5*z, 2*z - 3*f - 651 = 4603. Suppose 12*u = 2*u + z. Is u prime?
True
Let z(x) = -120*x + 4*x - 43*x. Let o be z(-1). Let v = -88 + o. Is v a prime number?
True
Is (0 - -1)/((-15)/(-13785)) composite?
False
Suppose a = 3*z + 6*a - 40, 2*z + 4*a - 30 = 0. Suppose 2*h + 62 = z*w, -4*w + 2*h = -7*w + 34. Let d(p) = 74*p + 1. Is d(w) a composite number?
True
Suppose 0 = -3*z - 0*z + 3. Let i(j) = -123*j - 2 + 1 - z. Is i(-5) composite?
False
Let v be (-1713)/(-2)*(-5)/(20/(-24)). Suppose -4*u + v = 5*t, 5*t + 2*u - 5143 = -u. Is t a composite number?
False
Let u(f) = -119*f + 11. Is u(-18) composite?
False
Suppose -4*h = 10*t - 5*t - 11427, -6*h - 9160 = -4*t. Is t prime?
True
Suppose -4*q + 3 = 5*w, 0*q + 5*w - 5 = -5*q. Suppose -3*b - 2*b + 5*v + 5195 = 0, 5*v + 2066 = q*b. Is b prime?
False
Let w(r) = -r**3 - 11*r**2 + 12*r - 8. Let g be w(-12). Let j be (-12)/g*-2 - -5. Suppose -j*n + 4*n = 2086. Is n a composite number?
True
Let s = 274 - 162. Suppose -4*h - s = 84. Is (-10305)/(-21) - 14/h a composite number?
False
Let n = 3 - 2. Is n/(-3) + 740/15 a prime number?
False
Suppose -2*o + v - 23 = 0, 0*o - 28 = 4*o + 4*v. Let i = o - -12. Suppose 127 = i*p - p. Is p composite?
False
Let d(x) = 7*x**2 + 14*x + 31. Is d(-14) composite?
True
Suppose 0 = -5*k - 4*x - 1080, -3*x + 12 = -3. Let g = 331 + k. Is g composite?
True
Let b(s) = -7875*s - 53. Is b(-2) prime?
False
Let m be (-52)/12 + 2 - (-6)/(-9). Is (-1 + m/(-4))/(17/(-36788)) a composite number?
False
Let l be 6*-1*(-1221)/(-66) - -5. Suppose -4*g = 5*h - 1301, -4*g + g = h - 984. Let u = g + l. Is u a composite number?
False
Suppose -3*g = 12, 2*x = 3*x - 4*g - 19. Suppose 0 = -4*q + w - x*w + 6710, -5*q = -5*w - 8410. Is q prime?
False
Let j(k) = 14*k**2 + 5*k - 9. Let m be j(9). Suppose 0 = u - 5*f + 171 - 778, f = -2*u + m. Is u prime?
True
Let h be ((-9532)/6)/(15/45). Let s = -2329 - h. Is s prime?
True
Suppose g + 32 = 2*x - 1, 3*x - 4*g = 62. Let n be ((-7)/x)/((-2)/16). Is ((-1)/n)/(1/(-796)) a composite number?
False
Let y(m) = -m**2 + 17*m - 37. Let j(z) = 5*z**2 + 4*z. Let s be j(-2). Is y(s) a prime number?
True
Suppose 3*m - 10 = -q, 2*q - 22 + 6 = -4*m. Suppose -m*c + 116 = -1354. Suppose 4*r + 227 = c. Is r a composite number?
False
Let j(z) = -84*z - 15. Let a(f) = 83*f + 16. Let n(t) = -2*a(t) - 3*j(t). Let x(o) = -o**3 + 10*o**2 - 11*o - 29. Let y be x(8). Is n(y) a composite number?
True
Let l = 14 - 12. Let x(w) = -2 - 4*w + 5 + 6*w**l + 27*w**2. Is x(2) a prime number?
True
Suppose -13*n - 4 = -15*n. Suppose -n*v = -5*v + 1137. Let w = v - 246. Is w composite?
True
Suppose 74*p - 1724604 = 1855886. Is p a prime number?
False
Let g = -11 + -92. Let v = -72 - g. Suppose a - 22 = v. Is a composite?
False
Let w(u) = -u**2 - 10*u. Let d be w(-10). Suppose d = 2*i + 8*i - 130. Is i prime?
True
Suppose -3408 = -42*h + 46*h. Let x = -455 - h. Is x a prime number?
True
Let o = -3 + 9. Suppose 4980 = o*u + 774. Is u composite?
False
Suppose 2*a + 12 = -2*a. Let d be (a - (3 + -5))*-15. Suppose -2*x + d = 5*k - 109, 0 = -5*k. Is x prime?
False
Let z = -18 + 31. Let j = -19 + z. Let f(m) = -64*m - 3. Is f(j) composite?
True
Let i = -8491 - -21282. Is i composite?
False
Suppose 43113 = c + 2*c. Is c composite?
True
Let s = 51554 - 24045. Is s a composite number?
False
Let s = 143 - 92. Suppose -208 - s = -d. Is d a composite number?
True
Suppose 176*j - 7937516 = 100*j. Is j a prime number?
False
Let s = -810 + -24. Is (s - 4)*((-1)/2 - 0) composite?
False
Let l(w) = 14*w**2 + 4*w + 15. Let o be l(-15). Let s = o - 1615. Suppose 0*u = 2*u - s. Is u prime?
False
Let x(f) = f**2 + 21*f**3 - 3 + 3*f + 22*f**3 + 0*f**3 - 3*f**2. Let y be x(2). Suppose -2*o = o - 4*s - 193, -5*o - 2*s = -y. Is o a composite number?
False
Let w = -11397 + 18616. Is w a prime number?
True
Let j(k) be the second derivative of 8*k**4 - k**3 - k**2/2 + 9*k. Is j(-5) a composite number?
True
Suppose -5*d + 6*d + 5 = 0. Let c(f) = f**3 + f - 1. Let k(w) = -6*w**3 - 10*w**2 - w + 13. Let j(t) = d*c(t) - k(t). Is j(-9) a prime number?
True
Let x = -9 + 11. Suppose 4*f = -2*h - 4, f - 11 = -5*h - 3. Suppose 0 = h*v + x*v - 172. Is v a composite number?
False
Suppose 62656 = -5*a - 2*g + 160419, -5 = 5*g. Is a prime?
True
Suppose -5*t + 4*b = -6*t + 891, 5*t = -b + 4531. Is t a prime number?
True
Suppose -32*f = -18*f - 137242. Is f a composite number?
False
Let o = -98 + 102. Suppose u = o, 2*u - 2384 + 575 = -c. Is c composite?
False
Suppose 5*t - 1019 = 1961. Suppose -2*g - 2*g = -t. Is g composite?
False
Let p = 11 - 23. Let h be (p/14)/((-2)/14). Suppose -8 = -4*c, h*g - 70 = 3*g + 4*c. Is g a composite number?
True
Let i(c) = c**2 + 10*c - 7. Let n be i(-9). Let b be (n + 0)*5/(-10). Suppose 0 = -5*x + 5*m + 175, -3*x + 4*m + 77 = b*m. Is x a prime number?
True
Let x be (-60)/70*(0 + -7). Let p(n) = n + 8. Is p(x) composite?
True
Suppose -3*o + 2*q + 9751 = 0, 13*o - 15*o = 2*q - 6504. Is o prime?
True
Let i be -3*(2 - (-65)/(-15)). Let v(u) = 4*u**2 - 5 - u - 3*u**2 + 3*u. Is v(i) a prime number?
False
Suppose -2*o = -5*o - 5*d + 4657, 5*o + 4*d = 7753. Suppose 5*p - o = 351. Is (-4)/(-1)*p/16 a prime number?
False
Let s(f) = 310*f - 71. Is s(9) a composite number?
False
Suppose -5*a + 5 = 0, a = -c + 12 + 28. Let d(o) = 175*o - 9. Let z be d(1). Let h = z - c. Is h composite?
False
Suppose 11*r = 7*r + 2956. Suppose -106 + r = 3*w. Is w prime?
True
Let i = -4 + 7. Suppose -2*j - 21 = i. Is j/3 + 0 + 267 a composite number?
False
Let z(u) = 5424*u - 299. Is z(8) composite?
False
Let u = 11 + -8. Suppose 2*k + 292 = -0*k + s, 2*k + 284 = u*s. Is ((-5)/10)/(2/k) prime?
True
Let d = -16512 - -24319. Is d prime?
False
Let m(x) = x - 1 + 0*x + 0*x**3 - 7*x**3 - 2 - 4*x**2. Let w(q) = 7*q**3 + 4*q**2 + 2. Let f(k) = -3*m(k) - 4*w(k). Is f(-3) composite?
False
Let u = 38816 + -8545. Is u composite?
False
Let k(b) = -b**3 - 10*b**2 - 11*b - 3. Let j be k(-9). Suppose -n - 37 = 4*r, 0 = 3*r + n + 44 - j. Let u(y) = y**2 + 3*y - 5. Is u(r) composite?
True
Let d = 3149 - 378. Is d composite?
True
Let p(w) = 22*w**3 + 2*w**2 + 2*w + 1. Let x be p(-1). Let c be (19 + x)/((-1)/3). Is 786/3 + -3 + c prime?
False
Let r = -16187 - -22936. Is r prime?
False
Let x = 3001 + -5092. Let b = 650 - x. Is b composite?
False
Suppose m - 7 - 4 = 0. Suppose -m*y + 3*y = -3752. Is y a prime number?
False
Let o(n) = -18*n + 1. Let g be o(-1). Suppose j = 5*d - 27, -4*d + d = -2*j - g. Is (4/6)/(j/(-483)) a composite number?
True
Let t be ((-6)/(-5))/((-12)/(-400)). Let o = t + -27. Is o a prime number?
True
Let u(o) = 9*o - o**2 - o**3 + 3*o + 17 + 15*o**2. Suppose -c = -5 - 9. Is u(c) prime?
False
Suppose 4*j - 588 = -0*j. Is ((-98)/j)/(1 - 10870/10866) prime?
True
Let i = 0 - -2. Suppose -6 - 184 = -i*a. Suppose 5*v = -0*v + a. Is v prime?
True
Let u = 36 - 24. Suppose 0 = -h - 5*n, -2*h + 3*n + 1 + u = 0. Suppose -h*c + 667 = 32. Is c composite?
False
Let n(w) = -109*w**3 + 4*w**2 + 3*w - 45. Is n(-7) a prime number?
True
Suppose 302*i - 80635 = 297*i. Is i a prime number?
True
Let l = 237731 + -145012. Is l composite?
True
Let p(z) = 35*z**3 + 10*z**2 - 13*z + 65. Is p(6) composite?
False
Let m = -18 - -34. Suppose 0 = -2*s + 4*s + m. Is 2056/(-32)*s/2 a prime number?
True
Let d = -97 - 31. Let h = -200 + d. Let c = h - -469. Is c prime?
False
Let y be (20/(-6))/(2/(-3)). Suppose y*o - 4*u = -1235, 3*u = -4 + 19. Let d = o - -466. Is d a composite number?
False
Let v be (8/(-10))/((-2)/(-5)). Let q be 1 + v - 10/(-2). Suppose -2*g - 2 = 0, q*g - g = -